e -16*m = 155 - t. Calculate the highest common factor of 96 and m.
24
Let r(d) = d**2 + 24. Suppose -5*o + 20 = -25. Suppose o = l + 3*g, 6 = -5*l - 2*g + 4*g. Let f be r(l). What is the highest common factor of f and 8?
8
Let u = -456 - -1288. Suppose 12*y - u = -4*y. Calculate the greatest common divisor of y and 16.
4
Let c(q) = 4*q - 12. Let z be c(7). Let y(f) = 2*f**2 - 23*f - 4. Let s be y(z). What is the highest common factor of 56 and s?
28
Let y be 65/(-45) + 1 + (-7352)/(-18). Calculate the greatest common divisor of 952 and y.
136
Let b be -14*11*(-3)/6 - -1. Suppose 0 = 74*l - b*l + 68. Suppose 4*o + 4*w - 2*w = 612, 0 = -o - w + 153. What is the highest common divisor of l and o?
17
Let f(o) = -o**2 - 28*o - 67. Let j = -160 + 144. Let t be f(j). What is the greatest common factor of t and 25?
25
Let s be 13/(2/22*1). Let j be -3*200/(-27) + 1*(-6)/27. What is the highest common factor of j and s?
11
Suppose -85*k = -84*k - 22. Suppose 2*z - k = -5*y + 83, 5*y = -z + 105. Calculate the greatest common divisor of 42 and y.
21
Let k be 4 - 3 - 3 - -200. Let v be 6/(-81)*-3 - (-2780)/45. Let s = v - 44. Calculate the greatest common factor of s and k.
18
Suppose 3*t + 4*c = 2527 + 1067, 14*c + 2496 = 2*t. Calculate the greatest common divisor of t and 261.
9
Let w(d) = 169*d**3 - 2*d**2 - 2. Let z be w(1). Calculate the greatest common factor of 1760 and z.
55
Let s(x) = -3*x**2 + 150*x + 30. Let z be s(0). Suppose 0 = -l + 113 - 8. What is the highest common factor of l and z?
15
Let s(l) = 5. Let r(o) = o + 29. Let x(w) = -r(w) + 5*s(w). Let g be x(-31). Calculate the greatest common divisor of g and 90.
9
Suppose -31*h - 1116 = -37*h. Calculate the greatest common divisor of 90 and h.
6
Suppose -146*v + 141*v = -6285. Suppose -7*j - 361 + v = 0. What is the greatest common factor of 320 and j?
64
Let x(b) = 32*b - 1332. Let w be x(67). Calculate the highest common divisor of w and 377.
29
Suppose -12 = -3*q - 0. Suppose 0 = 4*a - 5*i + 83, -a + 2*i = q*a + 91. Let s = a + 31. What is the highest common factor of 14 and s?
14
Suppose 0 = -2*y + 2*a + 442, -5*a = 19*y - 20*y + 241. What is the highest common factor of y and 198?
18
Let u = -3195 - -3351. Calculate the highest common factor of 1300 and u.
52
Suppose 0 = -15450*b + 15444*b + 192. Calculate the highest common factor of 3104 and b.
32
Let t(v) = 721*v**2 + 63*v + 96. Let k be t(-5). What is the highest common divisor of k and 58?
58
Suppose -174*v + 3701 - 911 = -2952. Suppose 3*o = -5*u + 2649, 5*u = -o - 3*o + 2652. Calculate the greatest common divisor of v and u.
33
Suppose -3*j + 104 = 4*l, 4*j = -3*l + l + 142. Let c = -29 + 48. Let k = c + j. What is the highest common factor of 22 and k?
11
Suppose -4*z + 1286 = 2*j, 4*z + j - 1289 = -2*j. Suppose -3*w + 2*f = -3*f - z, -5*w + 488 = 3*f. Calculate the greatest common factor of w and 4.
4
Let v be 12/(-6)*(-350)/28. Calculate the greatest common factor of 15175 and v.
25
Let g = -116 + -61. Let n = -89 - g. Calculate the highest common divisor of 32 and n.
8
Let b = -1040 + 4028. What is the greatest common factor of 415 and b?
83
Let p be (0 - -36)*(-3)/(-4). Let g be (-15)/((-15)/(-2))*-5. Suppose -g*f + 21 = -9. What is the greatest common factor of p and f?
3
Suppose -21 = -5*p - 1. Suppose h + 2*i + 0*i - 42 = 0, 5*h + p*i = 210. Let v be (3 - 69/15)/((-36)/630). What is the greatest common factor of v and h?
14
Suppose -2*d = -n + 57, 48*n - 52*n = -5*d - 210. What is the greatest common factor of 8370 and n?
45
Let w be (210/9 + 0)*(-21)/(-7). Suppose w = -2*u - 0. Let k = u + 56. Calculate the highest common divisor of k and 28.
7
Suppose 2*t - 5*g = 5*t + 547, -2*t - 368 = 4*g. Let r = t + 202. Let p be 2/3*(-24)/(-4). Calculate the greatest common factor of r and p.
4
Let z(b) = -303*b - 5440. Let q be z(-20). Calculate the greatest common divisor of q and 1178.
62
Suppose -727 = 7*x - 63860. Calculate the highest common factor of x and 58.
29
Let x = 1708 + -20. Calculate the greatest common factor of x and 24.
8
Let s = 147 - 118. Let t(a) = 855*a - 14. Let j be t(1). What is the highest common factor of j and s?
29
Let z be 1006/3 + (-48)/(-72). Suppose -3*u + t + 252 = -t, -z = -4*u - 5*t. Let w be (-8 + 0)/((-2)/3). Calculate the highest common divisor of u and w.
12
Suppose -3*c + j + 625 - 564 = 0, -9*c + 163 = 2*j. Let a = 1644 - 1131. Calculate the highest common factor of c and a.
19
Let w(h) = -9 - 4*h + 7*h**2 - 19*h**2 + 25*h**2 - 16. Let b be w(-5). What is the highest common factor of 40 and b?
40
Suppose -4*y = g + 10, -2*g + 6 = -4*g - y. Let b(a) = 3*a + 16. Let l be b(g). What is the greatest common factor of l and 170?
10
Let d(x) = -x**3 + x**2 + 7. Let s be d(0). Let c = 377530 - 377516. What is the highest common divisor of s and c?
7
Suppose -146*w + 162*w + 246*w - 19650 = 0. What is the highest common divisor of w and 9?
3
Suppose 2629 = -144*m + 133*m. Let f = 377 + m. Calculate the greatest common factor of f and 69.
69
Let z = 88 - 83. Suppose -c + z*s = -290, -85 = c + 3*s - 367. Calculate the greatest common factor of 95 and c.
95
Let r be 364/18 + 336/(-54) + 6. Let s(b) = b - 24. Let j be s(r). Let a be ((-196)/(-35) + j/(-10))*4. What is the highest common factor of a and 12?
12
Let c = 336 - 322. Suppose -c*d = -20*d + 990. Let t be (-1 - 1 - -2) + 15. Calculate the greatest common divisor of d and t.
15
Let p = 622 - 261. Let t = p + -66. Calculate the highest common factor of t and 5.
5
Suppose -86*f = -104*f + 2520. What is the highest common divisor of 4690 and f?
70
Let d be (156/(-48) - 2)*-128. Calculate the highest common divisor of 60 and d.
12
Let b(t) = -10*t**3 - 4*t**2 - 2*t - 4. Let v be b(-3). What is the highest common factor of 112 and v?
4
Let s(k) = -3*k**2 + 110*k - 526. Let c be s(6). What is the greatest common divisor of 62 and c?
2
Let g(o) = 124*o + 1656. Let m be g(-12). Let q = 36 + 34. What is the greatest common divisor of q and m?
14
Suppose -122781 - 34051 = -36*q + 7*q. Calculate the highest common factor of 169 and q.
169
Suppose -121*d - 5627 + 18623 = 50*d. What is the highest common factor of 2964 and d?
76
Suppose -2210 = -4*p - 3*g, -2*p + 23*g = 26*g - 1102. Suppose 4*w - 262 = 5*t - 3000, 0 = t - 4*w - p. Calculate the greatest common divisor of t and 26.
26
Let q(y) = 28*y + 57. Let u be q(-10). Let f = u - -238. What is the highest common factor of f and 615?
15
Let v(o) = 333*o**2. Let g be v(1). Let b be (14/(-2) + 7)/(5 + -4). Suppose 8*m - 164 - 132 = b. What is the highest common divisor of m and g?
37
Let y be -8 + 2 + (-1 - (3 - 2)). Let k be 16*((-18)/y)/9. Suppose k*i - 4*w = 24, -w - 49 = -4*i - 2*w. Calculate the greatest common divisor of i and 33.
11
Suppose -996 = -k - 5*z, -591 = 3*k - z - 3675. Calculate the greatest common divisor of 36 and k.
18
Suppose 319*k = 329*k. Suppose -47*s + 56*s - 468 = k. What is the highest common factor of 91 and s?
13
Let x be ((7 - -1)/(5/5))/(2 + -1). What is the highest common factor of x and 508?
4
Let p(a) = a + 49. Let s be p(-4). Let v be (-10)/(-8)*3*(-12)/(-5). Calculate the greatest common factor of v and s.
9
Let k = -81 + 23. Let h be (-40)/(-6)*(k/(-10) + -1). Suppose d = -5*p - h + 146, 2*p + 4*d = 42. What is the highest common divisor of 92 and p?
23
Suppose 33*z - 1420003 = -514120. Calculate the highest common factor of 97 and z.
97
Let a(c) = 287*c + 2416. Let f be a(-7). What is the greatest common divisor of 22 and f?
11
Suppose 15*l - 727 = 188. Calculate the greatest common factor of l and 305.
61
Let q be -4*1*(-7)/(-4). Let s = q - -17. Let x = 153783 - 153673. What is the greatest common factor of s and x?
10
Let c be (-5*1)/(23 - 24). Suppose 72 = 2*h - c*p, -4*h - 5*p - 15 = -219. What is the greatest common divisor of 23 and h?
23
Let z be ((-20)/(-25))/(4/10). Suppose -7*w + f = -z*w - 102, w + 3*f = 30. Calculate the greatest common divisor of w and 245.
7
Let z(c) = 4*c**2 + 10*c + 40. Let i be z(-4). Calculate the highest common factor of i and 20.
4
Let z(t) = -5*t + 17. Let o be z(-9). Let v(d) = d + 3. Let g be v(-6). Let r be (3/(-6))/(-2*g/(-372)). Calculate the highest common factor of r and o.
31
Let q(z) = z**2 + 11*z. Let i be q(-1